erivative of v**5/20 - v**4 - 17*v**2/2 + 4*v. Let y be f(12). Let a = -3 - y. What is the remainder when 39 is divided by a?
11
What is the remainder when 3*(219 + -40 + (-12)/2) is divided by 21?
15
Let l be 1*(0 + -2) + 8. Suppose l*q = 3*q - 144. What is the remainder when 1/((-2)/q) + -4 is divided by 7?
6
Let s(y) = -9*y**3 - y**2 + 4*y + 10. Calculate the remainder when s(-2) is divided by 8.
6
Suppose 177*j - 388*j + 46 = -188*j. Suppose 2*n = 3*n - 7. Calculate the remainder when n is divided by j.
1
Let d = 57 + -41. Let l(j) = 4 + 8*j - d*j + 9*j. Calculate the remainder when 20 is divided by l(7).
9
Suppose -2*c = 9 + 5. What is the remainder when 4 is divided by (-9)/(-3) + (-7)/c?
0
What is the remainder when (-167)/(-7) + 84/49*1/(-2) is divided by 11 + 2*2/4?
11
Let q be 261/(-12) - 3/(-4). Let s = -17 - q. Suppose 28 = 2*u + 2*k, 2*u + 5*k + 7 = s*u. What is the remainder when 20 is divided by u?
9
Suppose -2*x + 3*k = 2*k - 22, x = -4*k + 11. Let p = 16 + x. Let m(d) = -d**2 + 14*d + 5. Calculate the remainder when m(6) is divided by p.
26
Suppose -22*a + 19*a + 66 = 0. Calculate the remainder when 151 is divided by a.
19
Suppose 3*k + 3*i - 6 = 0, 5*k + 0 = -3*i + 10. Suppose -k*u = 2*b - 166, -280 = -5*b - u + 119. What is the remainder when b is divided by 20?
19
Let n = 1367 - 1264. Calculate the remainder when 188 is divided by n.
85
Let q(g) = -10*g - 39. Calculate the remainder when 4 is divided by q(-4).
0
Suppose -4*h - h + 110 = 0. Let i(p) = 6*p + 42. Let x be i(-5). Suppose -q + x = -h. Calculate the remainder when q is divided by 12.
10
Suppose -473 = -50*o + 777. Calculate the remainder when 62 is divided by o.
12
What is the remainder when 2/(-16)*-2*(3 + 313) is divided by 14?
9
Suppose -15*g = -3*g - 2484. Calculate the remainder when g is divided by 35.
32
Suppose -3*m - 340 = 7*m. Let k = 9 - m. Calculate the remainder when k is divided by 23.
20
Suppose 0 = -2*m, -3*m + 5*m - 6 = 2*x. Suppose 0*f - 4*f - 4*q = -72, 0 = -5*f + 4*q + 72. What is the remainder when 498/8 - x/(-12) is divided by f?
14
Calculate the remainder when (-12)/(-1)*(-9)/(-18) is divided by (((-3)/(-4))/1)/((-51)/(-272)).
2
Let d be 1631/(-175)*-5 + (-3)/5. Suppose -l = -86 - d. Calculate the remainder when l is divided by 27.
24
Let y(m) = -m**2 - 5*m + 6. Suppose 1241*o = 1248*o - 91. What is the remainder when o is divided by y(-5)?
1
Let x(v) = 4*v**2 - 213*v + 71. What is the remainder when ((-18)/4)/(2/(-12)) is divided by x(53)?
9
Suppose -5*a + 161 = o, -8 = a + 5*o - 21. Calculate the remainder when 52 is divided by a.
19
Suppose 2*o - q + 75 = 0, 10 = 4*o + 5*q + 139. What is the remainder when 25 is divided by ((-156)/o)/((-1)/(-3))?
12
What is the remainder when (-1 - -2)*(-1953)/(-21) is divided by 48?
45
Let l(v) = -v**2 - 8*v - 2. Let r(c) = -c**2 + 9*c + 8. Calculate the remainder when l(-6) is divided by r(9).
2
Suppose -4*w - 2*d + 62 = 0, -5*w + 6*d - 10*d + 85 = 0. What is the remainder when (46/(-3))/(4/(-6)) is divided by w?
10
Suppose -5*u - 5*w + 154 = 9, -9 = -u + 3*w. Let s(n) = 29*n - 4. What is the remainder when s(5) is divided by u?
21
Let y(s) = 10*s**2 + 6*s - 4. Let u be y(-5). Suppose u = 4*r + o, -4*r - 7*o + 232 = -2*o. What is the remainder when r is divided by 14?
11
Suppose 0*t + 12 = 3*t. Suppose 0*y + t*n + 107 = 3*y, y + 4*n = 41. What is the remainder when 109 is divided by y?
35
Let y be (-12)/3 - -6 - 9/(-1). Suppose -i = 3*o - 228, -4*o + y*i - 10*i + 297 = 0. What is the remainder when o is divided by 26?
23
Suppose -o = -0*o + 3*z + 5, 0 = 4*o - 2*z - 50. Let v(h) = -h**2 + 10*h + 19. Calculate the remainder when (-1 - 2)*(-55)/3 is divided by v(o).
17
Let h(g) be the second derivative of g**4/6 - 9*g**2/2 - 8*g. Let d be h(-5). Suppose b + 18 = d. What is the remainder when b is divided by 8?
7
Calculate the remainder when ((-14)/7 - -8)*-1 + 146 is divided by 16.
12
Let g(t) = 5*t + 4. Let o(w) = w**2 + 5*w - 9. Let l be o(-7). What is the remainder when -9 + l - (-42 + 3) is divided by g(3)?
16
Let p = 327 + -305. What is the remainder when 175 is divided by p?
21
Let p be (-5 + 6 - 135/2)*2. Calculate the remainder when 15 is divided by ((-228)/p)/((-4)/(-14)).
3
Let o(r) = -160*r + 39. What is the remainder when o(-6) is divided by 13?
11
Let l be 1 + 4/(-1)*-1. Suppose l*y + 6 = 51. What is the remainder when y is divided by 8?
1
Suppose 0 = 4*v - 8, -5*k = -2*v - 19 - 17. What is the remainder when k is divided by (-4)/6*(-9)/2?
2
What is the remainder when 10 is divided by ((-18)/3 + 9)*2?
4
Suppose 0 = -2*h - 3*z + 70, 2*z + 53 = -2*h + 125. Calculate the remainder when 120 is divided by h.
6
Let p = 261 - 208. What is the remainder when p is divided by 13?
1
Let r(d) = -d**2 - 7*d + 14. Let h be r(-8). Let c(y) = y + 9. Calculate the remainder when c(5) is divided by 20/h*132/55.
6
Let f be (1 + (11 - 3))*7. What is the remainder when 6 is divided by 14/f - 104/(-18)?
0
Suppose -65*c + 55*c = -450. What is the remainder when 850 is divided by c?
40
Let k = -7 + 12. Suppose k*m - 4*a = -0*a + 30, 3*a = 5*m - 35. What is the remainder when m is divided by 2?
0
Let i(r) = -4*r + 2. Let v(j) = -j - 15. Let n be v(-19). What is the remainder when i(-3) is divided by 8*-3*n/(-12)?
6
Suppose 0 = -4*b + 536 + 316. What is the remainder when b is divided by 17?
9
Suppose 5*c + 6*c - 5280 = 0. What is the remainder when c is divided by 69?
66
Suppose 0 = 3*h - 2*h - 70. Let t(q) = q - 10. Let w be t(12). Suppose 4*z - 3*m = 75, -w*z - m = 3*z - 89. What is the remainder when h is divided by z?
16
Let h(v) = 12*v**3 - v**2 + 4*v - 1. Calculate the remainder when h(2) is divided by -3 + 2 - (4 - 30).
24
Let t(h) = -4*h + 53. What is the remainder when t(-12) is divided by 13?
10
Let u = -547 - -579. Calculate the remainder when 893 is divided by u.
29
Let v = 642 - 608. What is the remainder when v is divided by 5?
4
Suppose 5*v - 47 + 20 = -t, t = 5*v + 7. Calculate the remainder when 48 is divided by t.
14
Let o = 232 + 41. What is the remainder when o is divided by 23?
20
Let h(u) = u**3 + 9*u**2 + 11*u - 17. Let d be h(-7). What is the remainder when ((-376)/6)/d*-3 is divided by 12?
11
Let c = -61 - -76. What is the remainder when ((-58)/3)/((-10)/c) is divided by 11?
7
What is the remainder when 0/6 - (-1 + -279 + 5) is divided by 23?
22
Let z(m) = m**3 + 8*m**2 + 6*m - 2. Let o(x) = -x**3 - x**2 + 3*x + 19. What is the remainder when z(-6) is divided by o(0)?
15
Let f = -3 - -13. Let y(s) = 3*s + 5. Let h be y(9). Let l = h + -13. What is the remainder when l is divided by f?
9
Let i(o) = -6*o + 73. What is the remainder when i(0) is divided by 38?
35
Let r be 9/11 + 10/55. Calculate the remainder when r/(-3)*(-2220)/20 is divided by 7.
2
Let k(d) = d**3 + 8*d**2 - 15*d - 25. Suppose 10*i - 7*i = 78. What is the remainder when k(-7) is divided by i?
25
Let m = 31 + -32. Calculate the remainder when 32 is divided by 8 + (1 - (-2 + 1) - m).
10
Suppose 3*s - 3 = 3*q, 4 = -5*q + 3*s + 1. Suppose 4*f - 12 = -d, 0 = -4*d - 3 - 13. What is the remainder when 0 - (-1 + q)*11 is divided by f?
3
What is the remainder when 51 is divided by (-1)/(1/20)*(40 - 41)?
11
Suppose -y = -2 - 1. Suppose 0 = 4*k - 0*d + d - 32, -3*d - 12 = 0. Calculate the remainder when -7*(1 - 18/y) is divided by k.
8
Suppose 0 = -6*c + 8*c. Suppose -4*y + 40 = -c*y. Suppose i - 3*u - 37 = -4*u, 185 = 5*i - 5*u. What is the remainder when i is divided by y?
7
Suppose 7*v - 7 = 49. Suppose -v*s = -2*s - 300. What is the remainder when s is divided by 13?
11
Let q = 1279 - 1259. What is the remainder when 407 is divided by q?
7
Suppose -120*d - 16 = -124*d. Calculate the remainder when 15 is divided by d.
3
Let k = 46 + -35. Suppose 4*o - 146 = 2*b, -4*o + b + 2*b + 143 = 0. Calculate the remainder when o is divided by k.
5
Let y = 97 - 73. Calculate the remainder when 166 is divided by y.
22
Let y be 26/10 + 18/(-30). Let x(k) = -k + 0*k**3 + 3*k**2 - 17*k**3 - 4*k**y - 4*k**3. What is the remainder when x(-1) is divided by 11?
10
Suppose 2*g = 3*w - 370, 14*w - 2*g = 16*w - 260. What is the remainder when w is divided by 31?
2
Suppose 70 - 230 = -8*n. Suppose n = q + 2. Let f = 25 + -15. Calculate the remainder whe